{"id":10322,"date":"2015-10-17T23:59:06","date_gmt":"2015-10-17T21:59:06","guid":{"rendered":"http:\/\/blogg.ngn.nu\/?page_id=10322"},"modified":"2015-10-29T21:00:13","modified_gmt":"2015-10-29T19:00:13","slug":"debattext-m-gor-langtidssjuka-till-politiska-bolltran","status":"publish","type":"page","link":"https:\/\/blogg.ngn.nu\/index.php\/politik\/debatt\/debattext-m-gor-langtidssjuka-till-politiska-bolltran\/","title":{"rendered":"Debattext: M g\u00f6r l\u00e5ngtidssjuka till politiska bolltr\u00e4n"},"content":{"rendered":"<p>\n\t<span style=\"color: rgb(204, 0, 0); font-weight: bold;\">ttela<\/span><br \/>\n\tPublicerad 17 oktober 2015 sid 17\n<\/p>\n<p>\n\tDebatt<br \/>\n\tM g&ouml;r l&aring;ngtidssjuka till politiska bolltr&auml;n\n<\/p>\n<p>\n\tTonnie Andersson, ordf&ouml;rande IF, Metall Norra &Auml;lvsborg\n<\/p>\n<p>\n\tDet kan g&aring; s&aring; illa att de l&aring;ngtidssjuka blir av med den &aring;teruppr&auml;ttelse som regeringen vill ge dem. Moderaterna g&ouml;r politiska bolltr&auml;n av de sjuka n&auml;r de f&ouml;rs&ouml;ker stoppa avskaffandet av den bortre parentesen i sjukf&ouml;rs&auml;kringen.\n<\/p>\n<p>\n\tM&auml;nskligt sett &auml;r det ett absolut sj&auml;lvklart f&ouml;rslag som regeringen lagt i sin budget. En arbetsgrupp p&aring; socialdepartementet har konstaterat att den bortre parentesen i sjukf&ouml;rs&auml;kringen leder till att de som drabbas kan hamna i ett permanent utanf&ouml;rskap. Det var en av Fredriks Reinfeldts tidiga regeringar som satte parentesen p&aring; kartan. Sedan dess f&aring;r en sjukskrivning aldrig bli l&auml;ngre &auml;n 914 dagar. M&auml;nniskor som inte har &aring;terf&aring;tt sin arbetsf&ouml;rm&aring;ga inom den tidsramen har tvingats anm&auml;la sig som arbetss&ouml;kande p&aring; Arbetsf&ouml;rmedlingen. I st&auml;llet f&ouml;r fortsatt rehabilitering har de blivit arbetsl&ouml;sa.\n<\/p>\n<p>\n\tArbetsgruppen p&aring; socialdepartementet noterar i sin rapport att sjuka m&auml;nniskor som har skickats till arbetslivsintroduktion inte har kunnat delta p&aring; ett meningsfullt s&auml;tt d&auml;rf&ouml;r att de varit f&ouml;r sjuka. De l&aring;ngtidssjuka har det sv&aring;rt nog. De kommer inte att blir snabbare friska bara f&ouml;r att en myndighet s&auml;ger att de inte f&aring;r vara sjuka l&auml;ngre. Jag har aldrig h&ouml;r talas om att tv&aring;ng skulle kunna vara ett effektivt botemedel mot sjukdom.\n<\/p>\n<p>\n\tL&auml;get i riksdagen &auml;r oerh&ouml;rt komplicerat. Det finns en risk att Moderaterna f&aring;r st&ouml;d f&ouml;r sitt f&ouml;rslag att s&auml;ga nej till f&ouml;rslaget om att avskaffa den bortre parentesen i sjukf&ouml;rs&auml;kringen. Jag &auml;r i och f&ouml;r sig inte f&ouml;rv&aring;nad. Detta &auml;r typiskt f&ouml;r moderat politik. Typiskt f&ouml;r h&ouml;gerpolitik. Men samtidigt &auml;r jag &auml;nd&aring; f&ouml;rv&aring;nad &ouml;ver att en politiker som Anna Kinberg Batra kan vara s&aring; kallhamrad att hon anv&auml;nder de l&aring;ngtidssjuka som bolltr&auml;n i budgetf&ouml;rhandlingarna. Tror hon verkligen att svenska folket &auml;r beredda att ge Moderaterna sitt st&ouml;d f&ouml;r en s&aring; fullkomligt om&auml;nsklig politik?\n<\/p>\n<p>\n\tVi f&aring;r s&auml;tta v&aring;r f&ouml;rhoppning till att detta enbart blir ett utspel fr&aring;n Moderaterna och en enskild moderat aktion i riksdagen som avvisas av alla andra politiska partier.<\/p>\n","protected":false},"excerpt":{"rendered":"<p>ttela Publicerad 17 oktober 2015 sid 17 Debatt M g&ouml;r l&aring;ngtidssjuka till politiska bolltr&auml;n Tonnie Andersson, ordf&ouml;rande IF, Metall Norra &Auml;lvsborg Det kan g&aring; s&aring; illa att de l&aring;ngtidssjuka blir av med den &aring;teruppr&auml;ttelse som regeringen vill ge dem. Moderaterna &hellip; <a href=\"https:\/\/blogg.ngn.nu\/index.php\/politik\/debatt\/debattext-m-gor-langtidssjuka-till-politiska-bolltran\/\">Forts\u00e4tt l\u00e4sa <span class=\"meta-nav\">&rarr;<\/span><\/a><\/p>\n","protected":false},"author":1,"featured_media":0,"parent":10325,"menu_order":0,"comment_status":"closed","ping_status":"closed","template":"","meta":{"footnotes":""},"class_list":["post-10322","page","type-page","status-publish","hentry"],"_links":{"self":[{"href":"https:\/\/blogg.ngn.nu\/index.php\/wp-json\/wp\/v2\/pages\/10322","targetHints":{"allow":["GET"]}}],"collection":[{"href":"https:\/\/blogg.ngn.nu\/index.php\/wp-json\/wp\/v2\/pages"}],"about":[{"href":"https:\/\/blogg.ngn.nu\/index.php\/wp-json\/wp\/v2\/types\/page"}],"author":[{"embeddable":true,"href":"https:\/\/blogg.ngn.nu\/index.php\/wp-json\/wp\/v2\/users\/1"}],"replies":[{"embeddable":true,"href":"https:\/\/blogg.ngn.nu\/index.php\/wp-json\/wp\/v2\/comments?post=10322"}],"version-history":[{"count":2,"href":"https:\/\/blogg.ngn.nu\/index.php\/wp-json\/wp\/v2\/pages\/10322\/revisions"}],"predecessor-version":[{"id":10332,"href":"https:\/\/blogg.ngn.nu\/index.php\/wp-json\/wp\/v2\/pages\/10322\/revisions\/10332"}],"up":[{"embeddable":true,"href":"https:\/\/blogg.ngn.nu\/index.php\/wp-json\/wp\/v2\/pages\/10325"}],"wp:attachment":[{"href":"https:\/\/blogg.ngn.nu\/index.php\/wp-json\/wp\/v2\/media?parent=10322"}],"curies":[{"name":"wp","href":"https:\/\/api.w.org\/{rel}","templated":true}]}}